{"id":20,"date":"2014-04-15T17:48:45","date_gmt":"2014-04-15T17:48:45","guid":{"rendered":"http:\/\/cargalogistica.pe\/site\/?page_id=20"},"modified":"2019-10-10T23:12:28","modified_gmt":"2019-10-10T23:12:28","slug":"herramientas","status":"publish","type":"page","link":"https:\/\/cargalogistica.pe\/site\/herramientas\/","title":{"rendered":"Herramientas"},"content":{"rendered":"<table style=\"height: 586px;\" width=\"594\">\n<tbody>\n<tr>\n<td>\n<h4><span style=\"color: #3366ff;\"><strong>Especificaciones de Contenedores<\/strong><\/span><\/h4>\n<p>Los contenedores son envases de acero que se utiliza para transportar mercader\u00eda de un lugar a otro por v\u00eda mar\u00edtima, fluvial, a\u00e9rea o multimodal, puede ser voluminosa o pesada como:<\/p>\n<ul>\n<li>Motores<\/li>\n<li>Auto partes<\/li>\n<li>Maquinaria<\/li>\n<li>Veh\u00edculos<\/li>\n<li>Textiles<\/li>\n<li>Mercanc\u00edas paletizadas<\/li>\n<\/ul>\n<p>Las dimensiones y la fabricaci\u00f3n se realizan de acuerdo a las especificaciones internacionales (ISO 668)<\/p>\n<p><a href=\"http:\/\/cargalogistica.pe\/site\/wp-content\/uploads\/2019\/09\/ESPECIFICACIONES-DE-CONTENEDORES-convertido.pdf\"><strong><u>Hacer Click para ver especificaciones.<\/u><\/strong><\/a><\/p>\n<h4>\u00a0<\/h4>\n<h4><span style=\"color: #3366ff;\"><strong>Links de Inter\u00e9s<\/strong><\/span><\/h4>\n<p>Hemos colocado diferentes enlaces que le ser\u00e1n de utilidad, seleccione el de su preferencia haciendo click en el logotipo de su elecci\u00f3n:<\/p>\n<\/td>\n<\/tr>\n<\/tbody>\n<\/table>\n<table style=\"height: 1370px;\" border=\"0\" width=\"592\" cellspacing=\"0\" cellpadding=\"0\">\n<tbody>\n<tr>\n<td style=\"text-align: left;\">\u00a0<a href=\"http:\/\/www.prompex.gob.pe\/Miercoles\/Portal\/MME\/descargar.aspx?archivo=745FEC42-9A2E-4370-90AC-E96E1B51A55D.PDF\" target=\"_blank\" rel=\"noopener noreferrer\"><img loading=\"lazy\" decoding=\"async\" class=\"size-full wp-image-181 aligncenter\" src=\"http:\/\/wayrahosting.com\/cargalogistica\/wp-content\/uploads\/h-log-2.jpg\" alt=\"h-log-2\" width=\"120\" height=\"40\" \/><\/a><\/td>\n<td style=\"text-align: left;\">\n<p><a href=\"http:\/\/www.prompex.gob.pe\/Miercoles\/Portal\/MME\/descargar.aspx?archivo=745FEC42-9A2E-4370-90AC-E96E1B51A55D.PDF\">INCOTERMS 2010<\/a><\/p>\n<\/td>\n<td width=\"10%\">\u00a0<\/td>\n<td>\u00a0<a href=\"http:\/\/www.adexperu.org.pe\/\" target=\"_blank\" rel=\"noopener noreferrer\"><img loading=\"lazy\" decoding=\"async\" class=\"size-full wp-image-184 aligncenter\" src=\"http:\/\/wayrahosting.com\/cargalogistica\/wp-content\/uploads\/h-log-5.jpg\" alt=\"h-log-5\" width=\"120\" height=\"40\" \/><\/a><\/td>\n<td style=\"text-align: left;\">\n<p><a href=\"http:\/\/www.adexperu.org.pe\/\" target=\"_blank\" rel=\"noopener noreferrer\">Asociaci\u00f3n de Exportadores<\/a><\/p>\n<\/td>\n<\/tr>\n<tr>\n<td>\u00a0<a href=\"http:\/\/www.sunat.gob.pe\/\" target=\"_blank\" rel=\"noopener noreferrer\"><img loading=\"lazy\" decoding=\"async\" class=\"size-full wp-image-182 aligncenter\" src=\"http:\/\/wayrahosting.com\/cargalogistica\/wp-content\/uploads\/h-log-3.jpg\" alt=\"h-log-3\" width=\"120\" height=\"40\" \/><\/a><\/td>\n<td>\n<p><a href=\"http:\/\/www.sunat.gob.pe\/\" target=\"_blank\" rel=\"noopener noreferrer\">Impuestos en Per\u00fa<\/a><\/p>\n<\/td>\n<td width=\"10%\">\u00a0<\/td>\n<td>\u00a0<a href=\"http:\/\/www.mtc.gob.pe\/\" target=\"_blank\" rel=\"noopener noreferrer\"><img loading=\"lazy\" decoding=\"async\" class=\"alignnone size-full wp-image-183\" src=\"http:\/\/wayrahosting.com\/cargalogistica\/wp-content\/uploads\/h-log-4.jpg\" alt=\"h-log-4\" width=\"120\" height=\"40\" \/><\/a><\/td>\n<td><a href=\"http:\/\/www.mtc.gob.pe\/\" target=\"_blank\" rel=\"noopener noreferrer\">Ministerio de Transportes y Comunicaciones<\/a><\/td>\n<\/tr>\n<tr>\n<td>\u00a0<a href=\"http:\/\/www.promperu.gob.pe\/\" target=\"_blank\" rel=\"noopener noreferrer\"><img loading=\"lazy\" decoding=\"async\" class=\"size-full wp-image-185 aligncenter\" src=\"http:\/\/wayrahosting.com\/cargalogistica\/wp-content\/uploads\/h-log-6.jpg\" alt=\"h-log-6\" width=\"120\" height=\"40\" \/><\/a><\/td>\n<td>\n<p><a href=\"http:\/\/www.promperu.gob.pe\/\" target=\"_blank\" rel=\"noopener noreferrer\">PromPer\u00fa<\/a><\/p>\n<\/td>\n<td width=\"10%\">\u00a0<\/td>\n<td>\u00a0<a href=\"http:\/\/www.cscl.com.cn\/\" target=\"_blank\" rel=\"noopener noreferrer\"><img loading=\"lazy\" decoding=\"async\" class=\"alignnone size-full wp-image-198\" src=\"http:\/\/wayrahosting.com\/cargalogistica\/wp-content\/uploads\/h-log-19.jpg\" alt=\"h-log-19\" width=\"120\" height=\"40\" \/><\/a><\/td>\n<td><a href=\"http:\/\/www.cscl.com.cn\/\" target=\"_blank\" rel=\"noopener noreferrer\">China Shipping Container Lines<\/a><\/td>\n<\/tr>\n<tr>\n<td>\u00a0<a href=\"http:\/\/www.freightdeadbeats.com\/\" target=\"_blank\" rel=\"noopener noreferrer\"><img loading=\"lazy\" decoding=\"async\" class=\"size-full wp-image-186 aligncenter\" src=\"http:\/\/wayrahosting.com\/cargalogistica\/wp-content\/uploads\/h-log-7.jpg\" alt=\"h-log-7\" width=\"120\" height=\"40\" \/><\/a><\/td>\n<td><a href=\"http:\/\/www.freightdeadbeats.com\/\" target=\"_blank\" rel=\"noopener noreferrer\">Freight Deadbeats Company<\/a><\/td>\n<td width=\"10%\">\u00a0<\/td>\n<td>\u00a0<a href=\"http:\/\/cargotracking.utopiax.org\/\" target=\"_blank\" rel=\"noopener noreferrer\"><img loading=\"lazy\" decoding=\"async\" class=\"alignnone size-full wp-image-187\" src=\"http:\/\/wayrahosting.com\/cargalogistica\/wp-content\/uploads\/h-log-8.jpg\" alt=\"h-log-8\" width=\"120\" height=\"40\" \/><\/a><\/td>\n<td><a href=\"http:\/\/cargotracking.utopiax.org\/\" target=\"_blank\" rel=\"noopener noreferrer\">Aircargo Tracking<\/a><\/td>\n<\/tr>\n<tr>\n<td>\u00a0<a href=\"http:\/\/www.ccpi.org.pe\/\" target=\"_blank\" rel=\"noopener noreferrer\"><img loading=\"lazy\" decoding=\"async\" class=\"size-full wp-image-188 aligncenter\" src=\"http:\/\/wayrahosting.com\/cargalogistica\/wp-content\/uploads\/h-log-9.jpg\" alt=\"h-log-9\" width=\"120\" height=\"40\" \/><\/a><\/td>\n<td><a href=\"http:\/\/www.ccpi.org.pe\/\" target=\"_blank\" rel=\"noopener noreferrer\">Irish Peruvian Chamber of Commerce<\/a><\/td>\n<td width=\"10%\">\u00a0<\/td>\n<td>\u00a0<a href=\"http:\/\/www.camaralima.org.pe\/\" target=\"_blank\" rel=\"noopener noreferrer\"><img loading=\"lazy\" decoding=\"async\" class=\"alignnone size-full wp-image-189\" src=\"http:\/\/wayrahosting.com\/cargalogistica\/wp-content\/uploads\/h-log-10.jpg\" alt=\"h-log-10\" width=\"120\" height=\"40\" \/><\/a><\/td>\n<td>\n<p><a href=\"http:\/\/www.camaralima.org.pe\/\" target=\"_blank\" rel=\"noopener noreferrer\">C\u00e1mara de Comercio de Lima<\/a><\/p>\n<\/td>\n<\/tr>\n<tr>\n<td>\u00a0<a href=\"http:\/\/www.shippingline.org\/\" target=\"_blank\" rel=\"noopener noreferrer\"><img loading=\"lazy\" decoding=\"async\" class=\"size-full wp-image-190 aligncenter\" src=\"http:\/\/wayrahosting.com\/cargalogistica\/wp-content\/uploads\/h-log-11.jpg\" alt=\"h-log-11\" width=\"120\" height=\"40\" \/><\/a><\/td>\n<td><a href=\"http:\/\/www.shippingline.org\/\" target=\"_blank\" rel=\"noopener noreferrer\">Shipping Lines Catalogue<\/a><\/td>\n<td width=\"10%\">\u00a0<\/td>\n<td>\u00a0<a href=\"http:\/\/www.hapag-lloyd.com\" target=\"_blank\" rel=\"noopener noreferrer\"><img loading=\"lazy\" decoding=\"async\" class=\"alignnone size-full wp-image-191\" src=\"http:\/\/wayrahosting.com\/cargalogistica\/wp-content\/uploads\/h-log-12.jpg\" alt=\"h-log-12\" width=\"120\" height=\"40\" \/><\/a><\/td>\n<td>\n<p><a href=\"http:\/\/www.hapag-lloyd.com\" target=\"_blank\" rel=\"noopener noreferrer\">Hapag-Lloyd AG<\/a><\/p>\n<\/td>\n<\/tr>\n<tr>\n<td>\u00a0<a href=\"http:\/\/www.ccni.cl\/\" target=\"_blank\" rel=\"noopener noreferrer\"><img loading=\"lazy\" decoding=\"async\" class=\"size-full wp-image-192 aligncenter\" src=\"http:\/\/wayrahosting.com\/cargalogistica\/wp-content\/uploads\/h-log-13.jpg\" alt=\"h-log-13\" width=\"120\" height=\"40\" \/><\/a><\/td>\n<td><a href=\"http:\/\/www.ccni.cl\/\" target=\"_blank\" rel=\"noopener noreferrer\">CCNI<\/a><\/td>\n<td width=\"10%\">\u00a0<\/td>\n<td>\u00a0<a href=\"https:\/\/www.cma-cgm.com\/\" target=\"_blank\" rel=\"noopener noreferrer\"><img loading=\"lazy\" decoding=\"async\" class=\"alignnone size-full wp-image-193\" src=\"http:\/\/wayrahosting.com\/cargalogistica\/wp-content\/uploads\/h-log-14.jpg\" alt=\"h-log-14\" width=\"120\" height=\"40\" \/><\/a><\/td>\n<td>\n<p><a href=\"https:\/\/www.cma-cgm.com\/\" target=\"_blank\" rel=\"noopener noreferrer\">CMA CGM<\/a><\/p>\n<\/td>\n<\/tr>\n<tr>\n<td>\u00a0<span style=\"color: #3366ff;\"><img loading=\"lazy\" decoding=\"async\" class=\"aligncenter wp-image-194 size-full\" src=\"http:\/\/wayrahosting.com\/cargalogistica\/wp-content\/uploads\/h-log-15.jpg\" alt=\"h-log-15\" width=\"120\" height=\"40\" \/><\/span><\/td>\n<td><span style=\"color: #3366ff;\">Maersk Line<\/span><\/td>\n<td width=\"10%\">\u00a0<\/td>\n<td>\u00a0<a href=\"https:\/\/www.msc.com\" target=\"_blank\" rel=\"noopener noreferrer\"><img loading=\"lazy\" decoding=\"async\" class=\"alignnone size-full wp-image-195\" src=\"http:\/\/wayrahosting.com\/cargalogistica\/wp-content\/uploads\/h-log-16.jpg\" alt=\"h-log-16\" width=\"120\" height=\"40\" \/><\/a><\/td>\n<td><a href=\"https:\/\/www.msc.com\" target=\"_blank\" rel=\"noopener noreferrer\">MEDITERRANEAN SHIPPING COMPANY PERU<\/a><\/td>\n<\/tr>\n<tr>\n<td>\u00a0<a href=\"http:\/\/www.hanjin.com\/\" target=\"_blank\" rel=\"noopener noreferrer\"><img loading=\"lazy\" decoding=\"async\" class=\"size-full wp-image-196 aligncenter\" src=\"http:\/\/wayrahosting.com\/cargalogistica\/wp-content\/uploads\/h-log-17.jpg\" alt=\"h-log-17\" width=\"120\" height=\"40\" \/><\/a><\/td>\n<td><a href=\"http:\/\/www.hanjin.com\/\" target=\"_blank\" rel=\"noopener noreferrer\">Hanjin Shipping<\/a><\/td>\n<td width=\"10%\">\u00a0<\/td>\n<td>\u00a0<a href=\"http:\/\/www.evergreen-marine.com\/\" target=\"_blank\" rel=\"noopener noreferrer\"><img loading=\"lazy\" decoding=\"async\" class=\"alignnone size-full wp-image-197\" src=\"http:\/\/wayrahosting.com\/cargalogistica\/wp-content\/uploads\/h-log-18.jpg\" alt=\"h-log-18\" width=\"120\" height=\"40\" \/><\/a><\/td>\n<td><a href=\"http:\/\/www.evergreen-marine.com\/\" target=\"_blank\" rel=\"noopener noreferrer\">Evergreen Marine Corp<\/a>.<\/td>\n<\/tr>\n<tr>\n<td>\u00a0<\/td>\n<td>\u00a0<\/td>\n<td width=\"10%\">\u00a0<\/td>\n<td>\u00a0<\/td>\n<td>\u00a0<\/td>\n<\/tr>\n<\/tbody>\n<\/table>\n\n\n<div class=\"wp-block-columns has-2-columns is-layout-flex wp-container-core-columns-is-layout-9d6595d7 wp-block-columns-is-layout-flex\">\n<div class=\"wp-block-column is-layout-flow wp-block-column-is-layout-flow\">\n<p><\/p>\n<\/div>\n\n\n\n<div class=\"wp-block-column is-layout-flow wp-block-column-is-layout-flow\">\n<p><\/p>\n<\/div>\n<\/div>\n","protected":false},"excerpt":{"rendered":"<p>Especificaciones de Contenedores Los contenedores son envases de acero que se utiliza para transportar mercader\u00eda de un lugar a otro por v\u00eda mar\u00edtima, fluvial, a\u00e9rea o multimodal, puede ser voluminosa o pesada como: Motores Auto partes Maquinaria Veh\u00edculos Textiles Mercanc\u00edas paletizadas Las dimensiones y la fabricaci\u00f3n se realizan de acuerdo a las especificaciones internacionales (ISO &hellip; <\/p>\n<p><a class=\"more-link btn\" href=\"https:\/\/cargalogistica.pe\/site\/herramientas\/\">Seguir leyendo<\/a><\/p>\n","protected":false},"author":1,"featured_media":0,"parent":0,"menu_order":3,"comment_status":"closed","ping_status":"closed","template":"","meta":{"footnotes":""},"class_list":["post-20","page","type-page","status-publish","hentry","nodate","item-wrap"],"_links":{"self":[{"href":"https:\/\/cargalogistica.pe\/site\/wp-json\/wp\/v2\/pages\/20","targetHints":{"allow":["GET"]}}],"collection":[{"href":"https:\/\/cargalogistica.pe\/site\/wp-json\/wp\/v2\/pages"}],"about":[{"href":"https:\/\/cargalogistica.pe\/site\/wp-json\/wp\/v2\/types\/page"}],"author":[{"embeddable":true,"href":"https:\/\/cargalogistica.pe\/site\/wp-json\/wp\/v2\/users\/1"}],"replies":[{"embeddable":true,"href":"https:\/\/cargalogistica.pe\/site\/wp-json\/wp\/v2\/comments?post=20"}],"version-history":[{"count":104,"href":"https:\/\/cargalogistica.pe\/site\/wp-json\/wp\/v2\/pages\/20\/revisions"}],"predecessor-version":[{"id":1069,"href":"https:\/\/cargalogistica.pe\/site\/wp-json\/wp\/v2\/pages\/20\/revisions\/1069"}],"wp:attachment":[{"href":"https:\/\/cargalogistica.pe\/site\/wp-json\/wp\/v2\/media?parent=20"}],"curies":[{"name":"wp","href":"https:\/\/api.w.org\/{rel}","templated":true}]}}