{"id":14,"date":"2014-04-15T15:25:42","date_gmt":"2014-04-15T15:25:42","guid":{"rendered":"http:\/\/cargalogistica.pe\/site\/?page_id=14"},"modified":"2024-11-29T15:04:50","modified_gmt":"2024-11-29T15:04:50","slug":"menu-linea-uno","status":"publish","type":"page","link":"https:\/\/cargalogistica.pe\/site\/menu-base\/menu-linea-uno\/","title":{"rendered":"Directorio Local"},"content":{"rendered":"\n<p>Es un grupo de profesionales que toman decisiones propias y aportan experiencia, con aptitud y personalidad que va a influir decisiva mente en las determinaciones que usted pueda elegir para sus importaciones y exportaciones.<\/p>\n\n\n\n<h4 class=\"wp-block-heading\"><span style=\"color: #3366ff;\"><strong>&nbsp; <\/strong><\/span><\/h4>\n\n\n\n<h4 class=\"wp-block-heading\"><span style=\"color: #3366ff;\"><strong>&nbsp; &nbsp; &nbsp; &nbsp; &nbsp; &nbsp; &nbsp; &nbsp; &nbsp; &nbsp; &nbsp; &nbsp; &nbsp; &nbsp; &nbsp; &nbsp; &nbsp; &nbsp; &nbsp; &nbsp;ORGANIGRAMA INTERNO&nbsp;<\/strong><\/span><\/h4>\n\n\n\n<p><span style=\"color: #3366ff;\"><strong>GERENTE GENERAL<\/strong><\/span><\/p>\n\n\n\n<p><span style=\"color: #000000;\">&nbsp; &nbsp; &nbsp;Act\u00faa como representante legal de la empresa, fija las pol\u00edticas operativas, administrativas y de calidad en base a los par\u00e1metros. Ejerce autoridad funcional sobre el resto de cargos ejecutivos, administrativos y operacionales de la organizaci\u00f3n. Act\u00faa como soporte de la organizaci\u00f3n a nivel general, es decir a nivel conceptual y de manejo de cada \u00e1rea funcional, as\u00ed como los conocimientos del \u00e1rea t\u00e9cnica y de aplicaci\u00f3n de nuestros servicios. Es la imagen de la empresa en el \u00e1mbito local e internacional, provee de contactos y relaciones empresariales a la organizaci\u00f3n con el objetivo de establecer negocios a largo plazo, tanto de forma local como a nivel internacional. Su objetivo principal es el de crear un valor agregado en base a los servicios que ofrecemos, maximizando el valor de la empresa para los accionistas.<\/span><span style=\"color: #3366ff;\"><strong>&nbsp; &nbsp; &nbsp; <\/strong><\/span><span style=\"color: #3366ff;\"><strong><br>\n<\/strong><\/span><\/p>\n\n\n\n<p><span style=\"color: #3366ff;\"><strong>GERENTE FINANCIERO<\/strong><\/span><\/p>\n\n\n\n<p>Es el encargado de la administraci\u00f3n&nbsp;eficiente del capital de trabajo dentro de un equilibrio de los criterios de riesgo y rentabilidad, busca la informaci\u00f3n de los estados financieros&nbsp;para cumplir con la planeaci\u00f3n estrat\u00e9gica de la empresa, planificando a corto, mediano y largo plazo las inversiones de la compa\u00f1\u00eda, adem\u00e1s de orientar la estrategia financiera para garantizar la disponibilidad de fuentes de financiaci\u00f3n y proporcionar el debido registro de las operaciones como herramientas de control de gesti\u00f3n de la organizaci\u00f3n.<\/p>\n\n\n\n<p><span style=\"color: #3366ff;\"><strong>GESTION COMERCIAL&nbsp;<\/strong><\/span><\/p>\n\n\n\n<p>El Ejecutivo comercial es mucho m\u00e1s que la determinaci\u00f3n de precios de venta, el el objetivo no es simplemente la creaci\u00f3n de consumidores satisfechos, sino que exige toda una estrategia de marketing, enfocada a la obtenci\u00f3n de beneficios para nuestra empresa<\/p>\n\n\n\n<p>La diferencia que hay entre fijar precios y actuar con el enfoque comercial, es la misma que hay entre reaccionar a las condiciones del mercado o gestionarlas de forma activa.<\/p>\n\n\n\n<p><span style=\"color: #3366ff;\"><strong>CUSTOMER SERVICE<\/strong><\/span><\/p>\n\n\n\n<p>Es la prestaci\u00f3n del servicio al cliente antes, durante y despu\u00e9s de la compra de un producto &nbsp;y\/o servicio, se refiere a la prioridad de la informaci\u00f3n brindada,&nbsp;por lo que puede cambia por completo la percepci\u00f3n del mismo, con relaci\u00f3n a nuestro desarrollo buscando la familiaridad y confianza en sus colaboradores, por consiguiente alimentando el crecimiento estrat\u00e9gico de ambas empresas.<\/p>\n\n\n\n<p><span style=\"color: #3366ff;\"><strong>OPERACIONES LOG\u00cdSTICAS<\/strong><\/span><\/p>\n\n\n\n<p>En el comercio internacional comprende todas las actividades que se realizan para trasladar la mercanc\u00eda desde la confirmaci\u00f3n de embarque desde el puerto o aeropuerto de origen hasta el aviso de llegada al pa\u00eds de destino y es quien se encarga de todos los procesos locales con los entes involucrados conllevando de esta manera &nbsp;el traslado seguro y oportuno de la mercanc\u00eda.<\/p>\n\n\n\n<p>Este proceso vincula al importador y\/o exportador, el agente embarcador y agente de aduana a trav\u00e9s de m\u00faltiples interfaces administrativas y el uso de la tecnolog\u00eda para simplificar el comercio internacional e influye significativamente en la calidad del servicio.<\/p>\n\n\n\n<p><span style=\"color: #3366ff;\"><b>CONTADOR GENERAL<\/b><\/span><\/p>\n\n\n\n<p>El Contador General es un profesional con formaci\u00f3n espec\u00edfica en el \u00e1mbito contable y tributario que le permite interpretar y aplicar las normas y principios que afectan a los distintos sectores de la actividad econ\u00f3mica de la empresa. Prepara informes contables, tributarios y financieros que contribuyen al proceso de toma de decisiones de la organizaci\u00f3n. Analizar la informaci\u00f3n contenida en los documentos contables generados del proceso de contabilidad en una determinada dependencia, verificando su exactitud, a fin de garantizar estados financieros confiables y oportunos.<\/p>\n\n\n\n<p><span style=\"color: #3366ff;\"><b>FACTURACI\u00d3N<\/b><strong>&nbsp;&#8211; ENDOSES<\/strong><\/span><\/p>\n\n\n\n<p>Es el \u00e1rea comercial m\u00e1s importante en el circuito documentario de una operaci\u00f3n de importaci\u00f3n y\/o exportaci\u00f3n.&nbsp;Es la face final del servicio brindado al cliente &nbsp;con el proceso de la liberaci\u00f3n de la mercader\u00eda en el terminal de almacenamiento mediante el cual se finiquita la gesti\u00f3n.<\/p>\n\n\n\n<p><\/p>\n","protected":false},"excerpt":{"rendered":"<p>Es un grupo de profesionales que toman decisiones propias y aportan experiencia, con aptitud y personalidad que va a influir decisiva mente en las determinaciones que usted pueda elegir para sus importaciones y exportaciones. &nbsp; &nbsp; &nbsp; &nbsp; &nbsp; &nbsp; &nbsp; &nbsp; &nbsp; &nbsp; &nbsp; &nbsp; &nbsp; &nbsp; &nbsp; &nbsp; &nbsp; &nbsp; &nbsp; &nbsp; &nbsp;ORGANIGRAMA &hellip; <\/p>\n<p><a class=\"more-link btn\" href=\"https:\/\/cargalogistica.pe\/site\/menu-base\/menu-linea-uno\/\">Seguir leyendo<\/a><\/p>\n","protected":false},"author":1,"featured_media":0,"parent":12,"menu_order":1,"comment_status":"closed","ping_status":"closed","template":"","meta":{"footnotes":""},"class_list":["post-14","page","type-page","status-publish","hentry","nodate","item-wrap"],"_links":{"self":[{"href":"https:\/\/cargalogistica.pe\/site\/wp-json\/wp\/v2\/pages\/14","targetHints":{"allow":["GET"]}}],"collection":[{"href":"https:\/\/cargalogistica.pe\/site\/wp-json\/wp\/v2\/pages"}],"about":[{"href":"https:\/\/cargalogistica.pe\/site\/wp-json\/wp\/v2\/types\/page"}],"author":[{"embeddable":true,"href":"https:\/\/cargalogistica.pe\/site\/wp-json\/wp\/v2\/users\/1"}],"replies":[{"embeddable":true,"href":"https:\/\/cargalogistica.pe\/site\/wp-json\/wp\/v2\/comments?post=14"}],"version-history":[{"count":67,"href":"https:\/\/cargalogistica.pe\/site\/wp-json\/wp\/v2\/pages\/14\/revisions"}],"predecessor-version":[{"id":2383,"href":"https:\/\/cargalogistica.pe\/site\/wp-json\/wp\/v2\/pages\/14\/revisions\/2383"}],"up":[{"embeddable":true,"href":"https:\/\/cargalogistica.pe\/site\/wp-json\/wp\/v2\/pages\/12"}],"wp:attachment":[{"href":"https:\/\/cargalogistica.pe\/site\/wp-json\/wp\/v2\/media?parent=14"}],"curies":[{"name":"wp","href":"https:\/\/api.w.org\/{rel}","templated":true}]}}