{"id":12,"date":"2014-04-15T15:25:02","date_gmt":"2014-04-15T15:25:02","guid":{"rendered":"http:\/\/cargalogistica.pe\/site\/?page_id=12"},"modified":"2014-08-12T22:47:31","modified_gmt":"2014-08-12T22:47:31","slug":"menu-base","status":"publish","type":"page","link":"https:\/\/cargalogistica.pe\/site\/menu-base\/","title":{"rendered":"Datos Utiles"},"content":{"rendered":"<p>Tiene por objetivo facilitar la informaci\u00f3n de documentos \u00fatiles para la importaci\u00f3n y exportaci\u00f3n.<\/p>\n","protected":false},"excerpt":{"rendered":"<p>Tiene por objetivo facilitar la informaci\u00f3n de documentos \u00fatiles para la importaci\u00f3n y exportaci\u00f3n.<\/p>\n","protected":false},"author":1,"featured_media":0,"parent":0,"menu_order":4,"comment_status":"closed","ping_status":"closed","template":"","meta":{"footnotes":""},"class_list":["post-12","page","type-page","status-publish","hentry","nodate","item-wrap"],"_links":{"self":[{"href":"https:\/\/cargalogistica.pe\/site\/wp-json\/wp\/v2\/pages\/12","targetHints":{"allow":["GET"]}}],"collection":[{"href":"https:\/\/cargalogistica.pe\/site\/wp-json\/wp\/v2\/pages"}],"about":[{"href":"https:\/\/cargalogistica.pe\/site\/wp-json\/wp\/v2\/types\/page"}],"author":[{"embeddable":true,"href":"https:\/\/cargalogistica.pe\/site\/wp-json\/wp\/v2\/users\/1"}],"replies":[{"embeddable":true,"href":"https:\/\/cargalogistica.pe\/site\/wp-json\/wp\/v2\/comments?post=12"}],"version-history":[{"count":9,"href":"https:\/\/cargalogistica.pe\/site\/wp-json\/wp\/v2\/pages\/12\/revisions"}],"predecessor-version":[{"id":974,"href":"https:\/\/cargalogistica.pe\/site\/wp-json\/wp\/v2\/pages\/12\/revisions\/974"}],"wp:attachment":[{"href":"https:\/\/cargalogistica.pe\/site\/wp-json\/wp\/v2\/media?parent=12"}],"curies":[{"name":"wp","href":"https:\/\/api.w.org\/{rel}","templated":true}]}}